ose 0 = -2*v + 2 + 2. Let j be v + 0/1 - -3. Suppose -g + j = -2*g. Let a(i) = -i**3 - 6*i**2 - 2*i + 5. What is a(g)?
-10
Let g(d) = 5 - 2 + 8 - 10 - d**2 + 0*d**2 - 7*d. Suppose -6*a + 2*a + 8 = 2*z, a + 2*z - 5 = 0. Let i = a + -5. Calculate g(i).
13
Let f(g) = 6*g**2 + g. Let v be f(1). Let d(h) = -h**3 + 6*h**2 + 7*h + 6. Let j be d(v). Suppose -j = 2*w - 5*w. Let s(r) = -r**2. Determine s(w).
-4
Suppose 0 = 6*j + 770 - 782. Let l(b) = -11*b + 13. Let d(g) = 5*g - 6. Let w(s) = -7*d(s) - 3*l(s). What is w(j)?
-1
Let p(d) = -d + 7. Let b be (10 + 1)*(-27)/27. Calculate p(b).
18
Let t(k) = -k - 8. Let q be t(-6). Let w = -113 - -111. Let c be q/4*(w - -2). Let o(p) = -p - 6. Give o(c).
-6
Let y = 57 + -60. Let t be ((-2)/4)/((3/10)/y). Let a(k) = -k**3 + 6*k**2 - 3*k - 1. Calculate a(t).
9
Suppose 6 = -0*x + 3*x. Let r(v) = 22*v**x - 3*v - 1 - 2*v**2 - 4*v**2 + 2*v. What is r(-1)?
16
Let u(g) = 0*g - 2 - 11*g + g**2 + 0*g - 24 + 10. Calculate u(11).
-16
Let m(l) = 5*l + 181*l**2 + 6 - 4 + l**3 - 180*l**2 - 3*l. Determine m(-2).
-6
Let s(h) = -3 + h - 3 + 0*h - 1. Let t be s(6). Let u(z) = -3*z + 1 + 3*z - 3*z - 2*z. Determine u(t).
6
Let c(n) = n**2 - 4*n + 4. Let z be c(4). Let w(p) = 38*p + 35*p + 40*p - 6 - 112*p. Determine w(z).
-2
Let g(w) be the third derivative of -7*w**5/12 - w**3/6 + 70*w**2 + w. Calculate g(1).
-36
Let h = 33 + -21. Let r(a) = -h*a - 8*a + 24*a + 4. What is r(-3)?
-8
Let w be (-56)/(-12) + 2/(-3). Suppose -w*d = 2*d - 24. Let z(j) = -2 - 5 + 1 + 6*j. Calculate z(d).
18
Let d(f) = -f**3 + 5*f + 4. Let b be d(-3). Let y be (7/4)/((-4)/b). Let p(o) = -22*o - 2. Let w(m) = -2*m - 1. Let g(h) = p(h) - 12*w(h). Give g(y).
-4
Let n(g) = -5*g**2 + 4*g - 1. Let p(d) = 576 - 574 + 0*d**2 + 9*d**2 - 8*d. Let j(l) = -11*n(l) - 6*p(l). Give j(-7).
20
Let b(j) = j**3 - 7*j + j**2 - 5*j**2 - j**2 + 1. Suppose -12*s + 6*x + 36 = -7*s, 5*s - 4*x = 34. Give b(s).
-5
Suppose -28*o - 551 = -159. Let w(f) = -f**2 - 12*f + 20. Calculate w(o).
-8
Let t be (9/6)/(1/(-2)). Let o(g) = 5*g - 2. What is o(t)?
-17
Let f be 2 - (-2 - -2 - -7). Let a(h) be the second derivative of -h**5/20 - h**4/3 + h**3/3 + h**2 + 145*h. Give a(f).
17
Let k(a) = 12*a - 11 - 2*a**2 - 6 - 2 + 28. Calculate k(7).
-5
Let g(t) = -11*t + 22. Let l(f) = 7*f**2 + 4*f + 1. Let x be l(-1). Let r(k) = 6*k - 11. Let d(s) = x*g(s) + 7*r(s). Calculate d(-8).
27
Let z(p) = -19*p + 54. Let o be z(3). Let j(u) = 4*u. Give j(o).
-12
Let j(h) = h**3 - 6*h**2 - 10*h + 17. Let t be 35*(-15)/(-75) - 0/2. Calculate j(t).
-4
Let m(h) = -4*h**2 - h. Let p(c) = 17*c**2 + 2*c + 1. Let v(r) = -26*m(r) - 6*p(r). Calculate v(-8).
10
Let q = -108 - -114. Let k(f) = -f**2 - 14*f - 2*f**2 + 2*f**3 + 23*f - q*f - 1. What is k(2)?
9
Let i be (2 - 12)*(-4)/10. Suppose -i = -3*j - 19. Let q(b) be the third derivative of b**4/12 + b**3/3 - b**2. Give q(j).
-8
Let v(c) be the third derivative of -c**4/24 - 3*c**3/2 - 26*c**2 - c. Give v(-11).
2
Let m(a) = -a + 7. Let y be (-1 - -11)/(76/(-57) - -2). Determine m(y).
-8
Let x(w) = -2*w**2 - w + 1. Let d(y) = -7*y**2 + 6*y - 2. Let r(n) = d(n) - 3*x(n). Give r(6).
13
Let m(l) = l**2 + 4*l - 6. Let f = -8 + 18. Suppose -10 - f = -4*o. Suppose c + 1 + o = 0. Determine m(c).
6
Let t(h) = h**2 - 12*h + 10. Suppose -4*m - 26 = -22. Let f(i) = i + 1. Let d(q) = m*f(q) - t(q). Give d(10).
-1
Let w(z) = -z - 16. Let n be w(-20). Let f(r) = 8*r + 1. Calculate f(n).
33
Let l(p) be the first derivative of p**2 - 7*p + 148. Determine l(4).
1
Let d(k) = -63*k**2 + 5 - 13*k**3 + 14*k**3 + k + 68*k**2. Give d(-5).
0
Let a be (40/12)/5*21. Suppose -4 + a = 2*k. Let c(o) = -4 - 5*o + o + k*o. Determine c(-3).
-7
Let m(l) = -l**2 + 15 - 12 - 15*l - 18. What is m(-14)?
-1
Let g(u) = -u**3 + 3*u**2 + 5*u - 1. Let d = 28 - 24. Let l be g(d). Suppose 6*f + 21 = l*f. Let i(x) = x + 7. Calculate i(f).
0
Let s(v) = -v**2 - 5*v - 9. Let d be s(4). Let u = d - -51. Let a(j) = j**2 - 6*j + 5. Calculate a(u).
5
Let u(i) = i + 3. Let n(l) be the third derivative of l**5/60 + l**4/12 - 2*l**3/3 - l**2. Let b = -47 - -43. Let p be n(b). Calculate u(p).
7
Suppose 3*h - 16 = -19. Let c(y) be the first derivative of 2 - 2*y - 1/2*y**2. Determine c(h).
-1
Let b = -431 - -432. Let c(v) be the second derivative of v**4/3 + v**3/6 + 2*v. What is c(b)?
5
Let b(w) = -w**2 + 4*w + 3. Suppose 0*k - 4*k + 28 = 0. Suppose f - 7 + 3 = 0. Let p = k - f. Calculate b(p).
6
Suppose -4*z + 8 = 3*y, -3*y + 4*y + 6 = 3*z. Let q(s) = 1 - 4 + 32*s - 22*s. Calculate q(z).
17
Let a be (-225)/(-3)*((-4)/1)/(-4). Let q be 345/a - (1 + 7/(-5)). Let p(k) = k - 2. Determine p(q).
3
Let y(m) = -m**2 - 5*m - 3. Let l be -43 - (-4 + (-6)/(-2)). Let b = -30 - l. Let v be b/30 - (-34)/(-10). Give y(v).
3
Let o(q) = -6*q**3 + 16*q**2 - 13*q + 11. Let f(n) = 5*n**3 - 13*n**2 + 12*n - 10. Let g(s) = -7*f(s) - 6*o(s). Let y be 4/2 - (-2 + -2). Calculate g(y).
4
Suppose 8*o - 3*o + 274 = -2*p, p - 115 = 2*o. Let d = o - -58. Let t(s) = -s**3 + 0*s**3 + 2*s + 1 + s**2 + 0*s. Calculate t(d).
1
Let g(l) = 3*l**3 + 3*l**2 - 2*l - 2. Suppose -2*h - 4*v = -16, -3 = 4*h - v - 8. Calculate g(h).
30
Let h(p) = p**2 - 8*p - 9. Let u = -250 - -257. Determine h(u).
-16
Suppose -4*c + 11 = -5. Suppose -c*m = a, 4*m - 4*a = 9*m. Let b(u) = m*u + u - 3 + u. Calculate b(5).
7
Let t = -14/39 + 40/39. Let g(o) be the third derivative of -1/8*o**4 - 4*o**2 + t*o**3 + 0 + 0*o - 1/60*o**5. Determine g(-5).
-6
Let l be 12/18*9/2. Let x(i) = -i**3 + 4*i**2 - i - 1. Let q be x(l). Let d = q - -1. Let a(f) = -3*f + 5. Determine a(d).
-13
Let g(r) = r**2 - 1. Let m(t) = -2*t**2 - t + 2. Let j(l) = 11*g(l) + 6*m(l). Let i(b) = -b**3 - 2*b**2 + 11*b + 8. Let u be i(-4). Determine j(u).
9
Let b(f) = 2*f**3 + 2*f**2. Let j(o) = -3*o**3 - 20*o**2 - 16*o + 25. Let z(x) = -b(x) - j(x). Calculate z(-17).
-8
Let c(i) = -16 - i**3 + 0 + 20 - 4*i**2. Give c(-4).
4
Suppose 4*y - 10 = -y + j, 2*j = 5*y - 15. Let h be -10*1/(-2)*1. Let f(i) = 2 - 3 + h - 3 - 8*i. Determine f(y).
-7
Let y(r) = -r**3 + 17*r**2 - 5*r + 74. Let j be y(17). Let x(d) = -d**2 - 12*d - 2. Calculate x(j).
9
Let k(o) = -10 + 69*o**2 - 144*o**2 + 68*o**2 + o**3 - 8*o. Determine k(8).
-10
Let a be 1 + -1 + (0 - -2). Let l(o) = -o**3 - 4*o**2 + 2*o - 6. Let i be l(-5). Let n(u) = 21 + 4*u - 6 - 7 - i. Give n(a).
7
Suppose 408*a - 393*a = -45. Let f(m) = -m**3 - 3*m**2 - 2*m - 3. Give f(a).
3
Let d(b) = b**3 - 5*b**2 - 2*b + 6. Suppose 4*q + 0 - 24 = 0. Suppose 2*a + 1 + 15 = -r, 5*r + 56 = -2*a. Let z be (r/6)/((-2)/q). What is d(z)?
-4
Suppose 5*i - 19 = -2*t, 3*i - 5 = -2*i + 5*t. Let h(f) be the third derivative of f**5/60 - f**4/8 - f**3/2 + 8*f**2. What is h(i)?
-3
Let m(j) = j**3 - 5*j**2 - j + 5. Suppose 3*h - h - 32 = 0. Suppose 3*f - 66 = 3*v, 4*f - 78 = 4*v + 5*f. Let t be (-20)/5*v/h. What is m(t)?
0
Let a(m) = m**2 + 10*m - 10. Let u be 7*((-8)/(-14) + -2). Give a(u).
-10
Let l(y) = -y**3 - 4*y**2 - 2. Let q be (-8 - -7) + 0 + 29. Suppose -33*g + q*g = 15. Give l(g).
-11
Suppose -22*i = -19*i - 27. Let y(p) = 3 + p**2 - 14 + i + 5*p. Give y(-6).
4
Let s(u) = 9*u**2 - 3*u - 9. Let b(v) be the second derivative of -v**4/3 + v**3/6 + 2*v**2 + 2*v. Let j(x) = -13*b(x) - 6*s(x). Determine j(4).
-10
Let w(h) = -h - 8. Let d(i) = 2*i + 16. Suppose 8*j - 15 = 5*j. Let o(m) = j*w(m) + 2*d(m). What is o(0)?
-8
Let f(x) = -5*x - 3. Suppose -2*i = -h - 5, 2*h = -3*i + 8 + 10. Suppose -18 = h*m - 6. What is f(m)?
17
Suppose -20 = 12*o + 40. Let u(s) = -s - 17. Calculate u(o).
-12
Let f(n) be the first derivative of -n**5/20 + 5*n**4/12 + 5*n**3/6 + 2*n**2 - 17*n - 6. Let c(z) be the first derivative of f(z). Determine c(6).
-2
Let n be 11/4*(1 - -19). Suppose n = 5*i - 10. Let t = 19 - i. Let a(p) = p + 2. Give a(t).
8
Let u be (-1 + 3)*1 - (-1 + 0). Suppose -u*i = 9, -2*a - 5*i - 23 = 6. Let c(b) = b + 10. Determine c(a).
3
Let j(k) = -k + 5. Let r(b) = 6. Let t(s) = 1. Let g(n) = -r(n) + 5*t(n). Let u(o) = 6*g(o) - j(o). Suppose -12*q + 2*q + 60 = 0. Give u(q).
-5
Let k(a) be the third derivative of -a**7/2520 + a**5/15 + 3*a**2. Let r(y) be the third derivative of k(y). Determine r(2).
-4
Let z(x) = 3*x - 61 + 26 + 38. What is z(-4)?
-9
Let v be 2*(2 + (-27)/6). Let y(k) = -k**2 - k